 (-83 - -70 - (8 + -3 - 1))?
-21
What is 1 - -13 - (-20 + (9 - -5))?
20
What is 4 - (-13 + (4 - -8) + -5)?
10
(-5 + -6 - 8) + 18
-1
Calculate 6 - (1 + -3 + 8 - (-29 - -34)).
5
Evaluate 17 - (20 + -5 + -4).
6
9 - (3 + (-17 - -13)) - 4
6
Calculate 15 - 0 - (449 - 450).
16
What is (35 - (54 - 23)) + -13?
-9
6 - (8 + 0) - (-3 - 3) - -1
5
(-2 + 0 - -2) + -52 + -8 + 56
-4
What is the value of -16 + (-12 + 11 - 4) + 6 + 2?
-13
1 - 6 - 0 - 2
-7
What is 9 + (-65 - -87 - (-3 - -16))?
18
Evaluate -2 + (40 + -15 - 26).
-3
Evaluate (-5 - (0 - (6 - (-9 - -5)))) + -13.
-8
What is the value of 2 - (6 + 4 + -14) - -8 - 5?
9
What is the value of (21 - 24 - (-5 - 0) - 6) + 6?
2
What is the value of (7 - 6) + (4 - 20 - -25)?
10
Calculate (8 - (12 - 11 - -3)) + (1 - 30).
-25
Calculate (2 - 8) + 26 + 6 + -9 + -1.
16
What is (-7 - -9 - 8 - -7) + 21?
22
What is the value of (-4 - 1) + 7 - (5 + -7 + -3)?
7
Evaluate 12 - (-2 - 9) - 13.
10
What is 47 - -3 - (476 - 454)?
28
What is -12 + (13 + -14 - -51) - 7?
31
What is the value of -30 + 47 - (-27 - (-4 - 4))?
36
Calculate 20 + (-29 - -12) + -25.
-22
21 + 3 + (1 - (-5 + 2))
28
-12 + -1 + -9 + 9
-13
What is the value of (-2 - -1) + (-205 - -229)?
23
What is 5 + (-28 - -19) + (-4 - -8)?
0
What is 310 + -276 - (-1 + 5) - 7?
23
Calculate 26 - (-29 + -3 + 60).
-2
-568 + 569 + 1 + 36
38
Calculate (0 - 8) + (25 - 15) + -7.
-5
What is the value of 55 - (56 + (-24 - -7))?
16
Calculate (24 - 17) + (3 + 0 - (23 + 4)).
-17
What is the value of -6 + 10 - 6 - 8?
-10
-12 - (-46 + 20 + 12)
2
Evaluate -3 + (3 - 0) + 8 + 14 + -20.
2
What is 10 + (-11 + 7 - 2) + -21?
-17
Calculate -7 + -15 + 16 + -19 + 4.
-21
Calculate ((-7 - -5) + 7 - 20) + 4.
-11
Evaluate -11 - ((-17 - -33) + 0 + -6 - 47).
26
Evaluate -17 + 1 + 24 + -8.
0
Evaluate 27 - (23 - -28 - 30).
6
3 + (6 + -11 + 7 - 0) + -18
-13
What is -4 + (18 - 9) + 15 - 4?
16
What is the value of -5 + (1 - (4 + -2)) + -2 + -5?
-13
What is the value of 2 + (-12 - -52 - (8 - -3)) + 6?
37
Evaluate -11 + (-3 - -10) + (-1 - -5) - -12.
12
Calculate -3 - ((9 - 32) + 46).
-26
What is the value of 13 - (17 - 1 - 8)?
5
What is the value of -591 + 625 + 0 + -39?
-5
What is the value of 0 - (-6 + (26 - (14 + 1)))?
-5
-11 + 5 + (7 - -4)
5
What is the value of -3 + 5 + -13 - -1 - 3?
-13
3 + 16 - ((5 - (-27 + 8)) + -16)
11
(15 - (-10 - -25)) + 12
12
What is 16 + 1 + -25 + 3 - -5?
0
13 + -8 + -14 - (-9 + 3 + -2)
-1
Evaluate -35 + (8 - (-82 + 32)).
23
1 - 2 - -1 - (25 - 33) - -7
15
Calculate (9 - -6) + 2 + (-7 - -1).
11
What is -64 + 50 - (3 + -1 + -5 + -1)?
-10
Evaluate -2 + (-7 - 4) + 131 + -135.
-17
Calculate -2 - (-28 + -1 + 48).
-21
1 + -3 - ((-2 - -15) + -18)
3
Evaluate (3 - (9 - 2) - -10) + (1 - 8).
-1
Calculate -23 + 23 - -3 - (1 + 6).
-4
What is the value of 8 - ((-2 - (-9 - 1)) + -94 + 94)?
0
What is -1 + 0 + -1 - ((-19 - -22) + -17)?
12
What is the value of 5 + (-2 - (4 + 1 + -4)) - 4?
-2
Evaluate 8 + 15 + -4 + (-31 - -13).
1
12 + -5 + -1 - 8 - (0 + -4)
2
(-13 - (-33 - -5)) + -4
11
What is the value of -31 + -35 + (-31 - -131)?
34
Calculate (48 - 21 - 31) + (1 - -2).
-1
0 + -11 + -46 + 11 + 36
-10
1 + 3 - (1 - 9 - (-9 + 3))
6
Calculate (9 + 9 - 13) + (-2 - (-2 - 8)).
13
What is the value of 2 + -3 + -17 + (-25 - -37) + 21?
15
Evaluate -17 + 1 + (107 - 109).
-18
What is the value of -7 + 2 + 1 - (-7 + 19 + -4)?
-12
What is the value of -15 + (5 - (-46 + 10)) + -14?
12
Calculate (-3 - -5) + -10 + 1 + 0.
-7
Calculate -12 + -19 + 9 + 9 - (0 + -8).
-5
28 - 92 - -55 - (1 + (-2 - -1))
-9
Calculate 12 + -57 + 32 + (27 - -1).
15
What is the value of (-2 - 11 - -31) + -20?
-2
What is 15 - (7 - -37) - (8 + -16 + -1)?
-20
(-13 - (-3 + -3)) + (28 - 7) + -3
11
Calculate (2 - 0) + -6 + (-656 - -672).
12
What is -39 - (35 + -4 - 75)?
5
-3 + (-17 - 3) + 0 + (-10 - -13)
-20
19 + -17 - 12 - (-5 - -2)
-7
Calculate 181 + -189 - (4 - -13 - 2).
-23
(29 + -14 + -12 - (11 - -1)) + 9
0
What is -9 - -20 - (-2 + 3) - 13?
-3
What is -22 + -8 - (-16 + 8 + -8)?
-14
-2 + 3 + -1 + -4 + 8 + -24
-20
What is the value of 10 + (12 - 26) + 3?
-1
What is -32 - (-47 + (-3 - -16))?
2
(13 - (-2 - (-45 - -13))) + -21
-38
What is the value of (1 - 12) + (6 - -4)?
-1
Evaluate 2 + 4 - (0 - (5 - 12 - -4)).
3
Calculate -7 + 1 + -126 + 147.
15
What is -3 + 11 - (-10 + (7 - 6))?
17
What is 4 - 0 - (9 + 3 + -13)?
5
Calculate -17 - -2 - (15 + (15 - (40 - 16))).
-21
Calculate -16 + 1 - -17 - 5.
-3
What is the value of ((1 - 14) + 4 - -23) + 3?
17
What is the value of 5 + -15 + -2 + 7 + -2 + -1?
-8
What is the value of (-11 - (4 - (16 - 4))) + 2?
-1
Evaluate -9 + 6 + -7 + 3 + 0 + -1.
-8
What is the value of -13 + 1 + -2 + 1 + 18?
5
What is the value of 18 - (0 + 15) - 12?
-9
What is the value of 2 + -8 + 9 + -1 - -5?
7
Calculate 12 + -20 + (-2 - -32 - 2).
20
Calculate -63 + 59 - (-6 + 12 - (-1 + 3)).
-8
What is 6 - (-20 - (-8 - 7) - (7 - -1))?
19
Calculate (-628 - -668) + -29 + 2.
13
What is the value of (27 - (29 + -12)) + -1 + 1 + 1?
11
Calculate 19 - (31 - 14) - -24.
26
What is the value of 0 + -5 - (14 + -19)?
0
What is the value of (947 - 938) + -28 + 2 + (-2 - -3)?
-16
Evaluate -20 - ((-4 - 13) + 3).
-6
What is -2 + 4 + -3 + -36 + (-18 - -38)?
-17
What is 2 + 0 + 15 + (-16 - -28) + -14?
15
22 + -5 + (-2 - -8) + -10
13
Calculate (6 + -36 - (-6 - 1)) + (-3 - -5).
-21
What is the value of -2 - (-4 + (6 - 1)) - (-1 - -3)?
-5
What is 9 + (4 + -5 - (5 + 0)) + -2?
1
What is the value of -33 - -82 - 5 - 39?
5
Evaluate -2 + ((9 - 5) + (0 - -1) - 3).
0
-16 + -1 + 5 + (-2 + 4 - -2)
-8
Calculate -10 - -1 - (-7 - 15 - -12).
1
(2 - (-21 - -5) - 7) + -12
-1
Evaluate (-78 - -86 - (-1 - -5)) + 5 + -1.
8
Calculate (9 - (21 - -8)) + 33.
13
What is the value of 32 + -37 + (-1 - -10)?
4
Calculate -3 + 0 + -2 + -2 + 83 + -82.
-6
(12 - (-3 + 0)) + -28
-13
28 + (-31 - -7) + -33
-29
Evaluate -4 - (-19 - (-24 + 17)).
8
What is the value of (-13 - (-10 - 16)) + -9?
4
What is -22 - (-36 - 13) - 7?
20
Evaluate (22 - 45) + 2 + -6 + -3 + 11.
-19
What is the value of -21 + (22 - 21) + 6?
-14
Evaluate -2 + 4 + -19 - (19 + -6 - 19).
-11
Evaluate 2 + (-3 + 0 + 2 - (-40 + 32)).
9
What is the value of (7 - -2) + -18 + 4?
-5
Calculate 3 + 12 + -2 + (-11 - -4).
6
(-9 - (2 - 3)) + 24
16
What is (-55 - -28) + (-6 - -52)?
19
Evaluate 0 + -15 - (92 - 115).
8
What is (-8 + 2 - (8 + -22 + 6)) + 7?
9
(-2 - 13) + 14 + 33 + -48
-16
What is the value of (15 - 16) + (-1 - (1 + 5) - 24)?
-32
Calculate -954 + 945 - (-30 - 0).
21
Calculate 204 - 185 - ((6 - 6) + 2 + 7).
10
What is the value of -6 + 32 + -25 - 15?
-14
What is 13 - 0 - (-16 + -44 + 58)?
15
3 + -2 + -4 + (-32 - (-5 + -1))
-29
Evaluate -2 + -11 + 9 + -9 + 2 + -1.
-12
Calculate (-17 - (0 - -1)) + (-2 + 27 - 24).
-17
What is -6 - (7 + 13 + -8) - -11?
-7
What is the value of -7 + 11 + -16 + 9 - -2?
-1
Evaluate (40 - 56) + (0 - ((4 - 7) + 6)).
-19
What is -21 + 4 + 21 + -24 + 61?
41
Evaluate (-13 - (-29 + 16)) + (0 - (0 - -12)).
-12
What is the value of -8 + 27 + 12 - (-3 - -15 - 4)?
23
Calculate -42 - -15 - -38 - 35.
-24
(25 - (-21 - -40)) + -15 + (1 - 17)
-25
What is the value of 9 + 1 + -2 + (7 - 1)?
14
Calculate (6 - 1) + -17 + (38 - 27).
-1
Calculate (40 + -80 - -31) + 42.
33
What is the value of -2 - ((-1 - -9) + 10) - -6?
-14
What is the value of 41 - (3 - (-32 - -12))?
18
9 - 1 - (-75 + 83) - (2 + -17)
15
Evaluate 1 - ((8 - (-1 + 4 - -10)) + -1).
7
What is the value of 52 + (-41 + 17 - 6)?
22
-28 + -8 + 24 + 20
8
Evaluate (13 - 10) + -1 + -6 - (1 - -13).
-18
25 + -6 + -28 - (9 + -54)
36
Evaluate -3 - (-4 + 4 + (-7 - -10)) - 3.
-9
Calculate 1 + (-20 - (9 - 14)).
-14
22 - (-6 + -18 - -33)
13
Calculate 9 + (2 - (4 + 9 + -9)).
7
-6 - -11 - -2 - 5 - (5 - 1)
-2
17 + (-15 - (-11 + 15))
-2
What is the value of -14 + (5 - 6 - -12) + -10?
-13
Evaluate (-6 - -3) + -1 - (108 - 115).
3
What is 57 + -45 + -14 + 29?
27
-4 - (-11 + 2 + (14 - 12))
3
Calculate (12 - (12 - 8)) + -1 + 6.
13
-5 - (0 - (10 + -7))
-2
What is (2 - 14) + 17 + -14?
-9
Evaluate (-8 - (-17 - 8)) + -5 + -2 + 0.
10
What is -8 + -2 - (-24 - (-21 - 3))?
-10
What is -13 + (-13 + 26 - -17)?
17
Calculate (8 - 14) + -4 + 4 + 0.
-6
Evaluate (4 - -1) + (-157 - -139) + 0.
-13
-2 - (1 + -7 + (47 - 16 - 7))
-20
What is the value of (-2 + -1 - 1) + (8 - -13) - 6?
11
What is (2 - 0) +